divided by b(-3).
1
Let s = -3 + 1. Let n be (0/s - 0)/2. Suppose 4*w + 4 = n, 2*j + 3*w - 8 = w. What is the remainder when 14 is divided by j?
4
Suppose 2*s - 90 = 42. Suppose 0 = -4*n + 22 - s. Let t = 24 - n. What is the remainder when t is divided by 12?
11
Let u = -1 + -2. Suppose -i + 4*i - 15 = 0. What is the remainder when i is divided by (-24)/6*u/4?
2
Let i = -24 - -45. Let q(m) = m**2 + 1. Let v be q(1). Suppose -3*h + o + 27 = -8, -v*o = 3*h - 29. What is the remainder when i is divided by h?
10
Let v = -2 + 3. Let l(z) = z + 1. Suppose -2*r - r = 0. Calculate the remainder when l(r) is divided by v.
0
Suppose -4*m + 9*m - 60 = 0. What is the remainder when 179 is divided by m?
11
Let w(o) be the first derivative of o**2/2 + 3. Let y be (6/(-5))/((-6)/40). What is the remainder when w(y) is divided by 3?
2
Let n(d) = -d**2 + 16*d - 10. Calculate the remainder when n(10) is divided by 26.
24
What is the remainder when 44 is divided by (138/(-8))/(18/(-24))?
21
Suppose -4*s = -41 - 3. Calculate the remainder when 42 is divided by s.
9
Suppose 3*v - 8*v = 0. Suppose v*f = 3*f - 63. Calculate the remainder when f is divided by 6.
3
Let a = -35 - -54. What is the remainder when a is divided by 7?
5
Suppose 5*k - 113 + 28 = 0. Calculate the remainder when 48 is divided by k.
14
Suppose 0*x + x - 9 = 0. Let r = -5 + x. Calculate the remainder when 11 is divided by r.
3
Let p = 64 + -35. Suppose 4 = x - p. Let d = x + -13. Calculate the remainder when d is divided by 7.
6
Let u = 102 - 71. Let j(h) = h**3 - 14*h**2 + 15*h - 15. Suppose 0*z = 5*z - 65. What is the remainder when u is divided by j(z)?
9
Suppose -3*m - 3*h = -h - 170, 0 = -2*m + 5*h + 88. Let s = m + -35. Calculate the remainder when s is divided by 7.
5
Let t = 32 + 18. Let w = t - 24. What is the remainder when 76 is divided by w?
24
Suppose -19*o = -18*o - 12. Calculate the remainder when 57 is divided by o.
9
Let f = 33 - 23. Suppose 4*k - 2*r + 7*r - 33 = 0, -3*r = 2*k - 19. Suppose 6*p - k = 172. Calculate the remainder when p is divided by f.
9
Let j be 4/22 + (-480)/(-22). Let a = j + 27. Calculate the remainder when a is divided by 17.
15
Calculate the remainder when ((-4)/(-6))/(10/105) is divided by 5 + -1*4/2.
1
Let c(x) = 58*x**2 + 3*x + 2. Suppose -2*s + 30 = -0*s. Calculate the remainder when c(-1) is divided by s.
12
Suppose k - 52 = -k. What is the remainder when 76 is divided by k?
24
Let i = -10 - -4. Let a(b) = -b**2 + 8*b + 11. What is the remainder when (2 + i - -2) + 5 is divided by a(9)?
1
Let n(z) = 2*z**2 + 27*z + 103. Let u(g) = -g**2 - 17*g - 7. What is the remainder when u(-7) is divided by n(-9)?
19
Suppose 0 = -2*n - 5*l + 109, 0 = -0*n + n - 4*l - 74. Calculate the remainder when n is divided by 14/4*(1 + 5).
20
Let z(p) = -8*p**3 + 4*p**2 - 9*p + 1. Let j(d) = 7*d**3 - 4*d**2 + 8*d - 1. Let b(c) = 6*j(c) + 5*z(c). What is the remainder when 8 is divided by b(2)?
3
Suppose 5*q - 17 = u, u - 11 = -q + 5*u. What is the remainder when q is divided by 2 - ((-4)/(-4))/1?
0
Let x = 149 + -115. What is the remainder when x is divided by 9?
7
Let c be -4 - -8 - (-98)/2. Suppose -k + c = 3*s, 3*k - 183 = 2*s - 3*s. Calculate the remainder when k is divided by 16.
14
Let d(o) = -o - 3. Let k be d(-2). Calculate the remainder when 25 is divided by k/((-2)/(-6)) + 16.
12
Suppose -2*l = 3*w - 18 - 30, l = -3. Let p = 29 - w. Calculate the remainder when 32 is divided by p.
10
Let f be (-47)/((-1 + -1)/(-2)). Let r = 0 - f. Calculate the remainder when r is divided by 12.
11
Let k be (-2 - -1 - 1) + 5. Let d(t) = 7*t - 2. Calculate the remainder when 35 is divided by d(k).
16
Let r be (-2)/6*-3 + 203. Calculate the remainder when -3*((-88)/6 + 1) is divided by 4/10 + r/15.
13
Let v(z) = -3*z + 7. Suppose 6 = -5*t + 3*w, -10 = t - 2*t - 5*w. What is the remainder when 24 is divided by v(t)?
3
Suppose 13 = 5*w - 7. Calculate the remainder when 6 is divided by w.
2
Let a = 3 + -5. Let v(m) = -13*m. Let w(h) = 1. Let o(s) = v(s) - 3*w(s). What is the remainder when 68 is divided by o(a)?
22
Let p = 134 + -81. Suppose 5*c - 8*c = -90. Let t = -16 + c. Calculate the remainder when p is divided by t.
11
What is the remainder when 34 is divided by 3*1*30/9?
4
Suppose -3*q + 159 = -0*q - 3*o, 2*q + 2*o = 126. Calculate the remainder when q is divided by 17.
7
Let h(n) = 48*n + 1. Let r(i) = -i + 10. Let s be r(10). Suppose -2*u + 1 + 1 = s. Calculate the remainder when h(u) is divided by 17.
15
What is the remainder when (-4)/10 + (-171)/(-15) is divided by 7?
4
Suppose 3*h + 0 - 9 = -4*u, -2*u = 3*h - 9. Let s(a) = 3*a + 1. What is the remainder when s(4) is divided by h?
1
Let t(h) = 9*h**3 + 1. Let k be t(-1). Let v = -5 - k. Suppose -v*j = 1 - 22. What is the remainder when j is divided by 3?
1
Suppose -2*q - 7 = -47. Calculate the remainder when 77 is divided by q.
17
Let p(o) = -o**2 - 8*o + 10. Let g(u) = 3*u**2 + 23*u - 29. Let w(q) = -6*g(q) - 17*p(q). Let d = -7 + 4. What is the remainder when 1 is divided by w(d)?
0
Suppose 4*y - 10 = -y. Suppose -y*n + 3*n = 8. Suppose -h = -n + 1. What is the remainder when 12 is divided by h?
5
Let q be 3/((-27)/(-6))*66. Let v = q - -27. What is the remainder when v is divided by (-7 + 148/28)/((-2)/21)?
17
Let s(t) = t + 34. What is the remainder when 84 is divided by s(-17)?
16
Let g(l) = l**2 - 4*l - 8. Let q be g(6). Suppose q*s + 0*s = 16. Suppose -j = s*t - 2*t - 42, j - 2*t - 30 = 0. What is the remainder when j is divided by 19?
17
Let b(q) = q**2 + q + 10. What is the remainder when b(0) is divided by 4?
2
Let u = 31 - 61. Let l = -17 - u. Suppose 23 = 2*i - l. What is the remainder when 34 is divided by i?
16
Let h(b) = b**3 - 2*b**2 - 5*b + 5. Let d be h(4). Let v = d + -5. Calculate the remainder when 21 is divided by v.
9
Let s(h) be the second derivative of -39*h**5/20 - h**2/2 + 2*h. Let k be s(-1). Suppose -37 - k = -5*v. What is the remainder when 29 is divided by v?
14
Let o(w) = -w**3 - 2*w**2 + 2*w + 3. Let h be o(-3). Let q(n) = 4 + n**3 - h*n + 4*n**2 + n**2 + 3. What is the remainder when 13 is divided by q(-6)?
6
Let u be (-13)/(-65) - 394/(-5). Suppose -3*c = 6, -4*c - u - 71 = -2*a. Calculate the remainder when a is divided by 19.
14
Let c = -2 + 13. What is the remainder when (-8)/3*(-30)/4 is divided by c?
9
Let o(f) = f**2 + 10*f + 19. Calculate the remainder when 23 is divided by o(-9).
3
Let b(q) = 2*q - 2. Let z be b(2). Suppose -7*p = -z*p - 225. What is the remainder when p is divided by 16?
13
Let w be (-15)/(-3) - 2/2. Let h(q) = w*q**3 + 5*q**3 - 4*q**3. Calculate the remainder when h(2) is divided by 14.
12
Let g(m) = m**3 - 4*m**2 + 4*m - 15. Let d = 18 - 10. Calculate the remainder when g(5) is divided by d.
6
Let t = -13 + 15. Let g(n) = 3*n**3 - 4*n**2 + 4. Calculate the remainder when 47 is divided by g(t).
11
Let z(k) = k**2 + 13*k + 18. Calculate the remainder when 9 is divided by z(-12).
3
What is the remainder when 2/4 + (8 - (-548)/8) is divided by 0 + (-4)/(-2) + 18?
17
Let z be 53/2 - (-1)/(-2). Suppose 3*f = -0*f + 30. Calculate the remainder when z + (2 - 3 - -3) is divided by f.
8
Let p = 11 + 18. Suppose 4*z - 87 = -5*k, 0*k - k + 2*z + 9 = 0. What is the remainder when p is divided by k?
14
Let g(f) = -10*f - 3. What is the remainder when g(-6) is divided by 20?
17
Let c = -49 + 77. Suppose -9*z - 100 = -19*z. Calculate the remainder when c is divided by z.
8
Suppose -33 = -2*d + 3*v, 0*v + 4*v + 34 = 2*d. Suppose s - 126 = -2*s. Calculate the remainder when s is divided by d.
12
Suppose 3*b - 4*y + 91 = 0, -89 = -0*b + 3*b - 2*y. Let d = 8 - b. Calculate the remainder when d is divided by 10.
7
Suppose l - 2*l - 6 = 0. Calculate the remainder when 351/l*(-4)/6 is divided by 10.
9
Suppose -139 - 23 = -6*h. Calculate the remainder when h is divided by 8.
3
Let y(b) = b**2 - 5 + 13 + 2*b - 3*b. Let h be y(7). Suppose 4*f = -f + h. Calculate the remainder when 29 is divided by f.
9
Let l(b) = 7*b. Let o be l(1). Suppose 5*t + 0*a = -a - o, -7 = 2*t - a. What is the remainder when 19 is divided by -7*(t + 3)*-1?
5
Let q(f) = 8*f**2 - f**3 - 4*f + 0 - 5*f + 3. Let w be q(6). Suppose 0 = -4*u - 1 + w. Calculate the remainder when 14 is divided by u.
4
Calculate the